{"id":828,"date":"2023-04-26T18:53:46","date_gmt":"2023-04-26T18:53:46","guid":{"rendered":"https:\/\/sanjose.testapps.mx\/hermosillo\/?page_id=828"},"modified":"2023-09-19T22:41:29","modified_gmt":"2023-09-19T22:41:29","slug":"unidad-de-cuidados-intensivos","status":"publish","type":"page","link":"https:\/\/sanjose.testapps.mx\/hermosillo\/unidad-de-cuidados-intensivos\/","title":{"rendered":"Unidad de Cuidados Intensivos"},"content":{"rendered":"<p>[vc_section el_class=&#8221;container-fluid mx-auto&#8221;][vc_row el_class=&#8221;container mx-auto&#8221;][vc_column width=&#8221;9\/12&#8243;]\n            <div class=\"contenedor-titulo-destacado titulo-oculto \">\n                <h2 id=\"unidad-de-cuidados-intensivos\" class=\" text-start contenido\">\n                    Unidad de Cuidados Intensivos\n                <\/h2>\n            <\/div>\n        \n            <div class=\"my-3 my-md-0 micss\">\n                <div class=\"intro  sup der\">\n                    \n                    <img decoding=\"async\" class=\"intro-img img-fluid my-0 mb-lg-0\" src=\"https:\/\/sanjose.testapps.mx\/hermosillo\/wp-content\/uploads\/sites\/7\/2023\/08\/cuidados-intensivos-adultos.jpg\" alt=\"\" \/>\n                     <div class=\"intro-text sup text-start  p-4 \" style=\"background-color:#ffffff ;\"> \n                                \n                                \n\n                                <div class=\"my-3 contenido-desfazado\">\n                                La Unidad de Cuidados Intensivos Adultos del Hospital San Jos\u00e9 de Hermosillo, es una de las Terapias Intensivas m\u00e1s grandes del estado de Sonora. Tiene una trayectoria de m\u00e1s de 15 a\u00f1os, atendiendo pacientes con un alto nivel de \u00e9tica y humanismo siendo una unidad de referencia de atenci\u00f3n de pacientes graves de varias ciudades del Estado.\n                                <\/div>\n\n                                \n                            <\/div> \n                <\/div>\n            <\/div>\n        [\/vc_column][vc_column width=&#8221;3\/12&#8243;]\n                       \n        <style type=\"text\/css\">\n\n            .menu-lateral {\n                background-color: #852328;\n                color: #fff;\n                width: 240px;\n                z-index: 1;\n            }\n\n        <\/style>\n       \n                <div class=\"d-none d-md-flex \">\n                    <div class=\"menu-lateral p-3\">\n                        <ul id=\"menu\">\n\n                        <\/ul>\n                    <\/div>\n                <\/div>\n        [\/vc_column][\/vc_row][\/vc_section][vc_section el_class=&#8221;container-fluid mx-auto mt-5&#8243;][vc_row el_class=&#8221;container mx-auto&#8221;][vc_column width=&#8221;9\/12&#8243;][vc_row_inner][vc_column_inner width=&#8221;1\/2&#8243;]\n            <div class=\"contenedor-titulo-destacado mb-3 h3 \">\n                <h2 id=\"equipo-y-tecnologia\" class=\" text-start contenido\">\n                    El mejor equipo m\u00e9dico y tecnolog\u00eda a tu disposici\u00f3n\n                <\/h2>\n            <\/div>\n        <div class=\"my-3 realizar-check position-relative\"><div class=\"img-check\" style=\"background-image:url(https:\/\/sanjose.testapps.mx\/hermosillo\/wp-content\/uploads\/sites\/7\/2023\/09\/ATENCI\u251coN-LAS-24-HRS.jpg);\"><\/div><div class=\"rec-check\" ><p class=\"text-start  mb-0 h6\">Atenci\u00f3n las 24 hrs.<\/p><div class=\"descripcion-check my-3\">Nuestra Unidad de Cuidado Intensivo es atendida las 24 horas, por m\u00e9dicos especialistas en Medicina del Enfermo en Estado Cr\u00edtico.<\/div><\/div><\/div><div class=\"my-3 realizar-check position-relative\"><div class=\"img-check\" style=\"background-image:url(https:\/\/sanjose.testapps.mx\/hermosillo\/wp-content\/uploads\/sites\/7\/2023\/09\/EQUIPO-PARA-HEMODIALISIS.jpg);\"><\/div><div class=\"rec-check\" ><p class=\"text-start  mb-0 h6\">Equipamiento para hemodi\u00e1lisis<\/p><div class=\"descripcion-check my-3\">Hemodi\u00e1lisis intermitente y maquina PRISMA para hemodi\u00e1lisis continua en pacientes inestables.<\/div><\/div><\/div><div class=\"my-3 realizar-check position-relative\"><div class=\"img-check\" style=\"background-image:url(https:\/\/sanjose.testapps.mx\/hermosillo\/wp-content\/uploads\/sites\/7\/2023\/09\/ENFERMEROS-ESPECIALISTAS.png);\"><\/div><div class=\"rec-check\" ><p class=\"text-start  mb-0 h6\">Enfermeros especialistas<\/p><div class=\"descripcion-check my-3\">Contamos adem\u00e1s con un equipo completo de enfermeros especialistas en Cuidados Intensivos con los m\u00e1s altos est\u00e1ndares de calidad en la atenci\u00f3n.<\/div><\/div><\/div><div class=\"my-3 realizar-check position-relative\"><div class=\"img-check\" style=\"background-image:url(https:\/\/sanjose.testapps.mx\/hermosillo\/wp-content\/uploads\/sites\/7\/2023\/09\/MONITORES-SIGNOS-VITALES.jpg);\"><\/div><div class=\"rec-check\" ><p class=\"text-start  mb-0 h6\">Monitores de signos vitales y computadoras para monitoreo hemodin\u00e1mico avanzado.<\/p><div class=\"descripcion-check my-3\"><\/div><\/div><\/div>[\/vc_column_inner][vc_column_inner width=&#8221;1\/2&#8243;]<div class=\"my-3 realizar-check position-relative\"><div class=\"img-check\" style=\"background-image:url(https:\/\/sanjose.testapps.mx\/hermosillo\/wp-content\/uploads\/sites\/7\/2023\/09\/VENTILADORES.jpg);\"><\/div><div class=\"rec-check\" ><p class=\"text-start  mb-0 h6\">Ventiladores<\/p><div class=\"descripcion-check my-3\">Con \u00faltima tecnolog\u00eda para atenci\u00f3n de enfermedades respiratorias graves.<\/div><\/div><\/div><div class=\"my-3 realizar-check position-relative\"><div class=\"img-check\" style=\"background-image:url(https:\/\/sanjose.testapps.mx\/hermosillo\/wp-content\/uploads\/sites\/7\/2023\/09\/LA-UNIDAD-ESTA-LOCALIZADA-.jpg);\"><\/div><div class=\"rec-check\" ><p class=\"text-start  mb-0 h6\">La unidad est\u00e1 localizada en un lugar estrat\u00e9gico para el acceso a los servicios de apoyo como:<\/p><div class=\"descripcion-check my-3\">Hemodi\u00e1lisis intermitente y maquina PRISMA para hemodi\u00e1lisis continua en pacientes inestables.<\/p>\n<ul>\n<li>Quir\u00f3fanos Inteligentes.<\/li>\n<li>Unidad de hemodinamia (Para cateterismo card\u00edaco y estudios y tratamientos cerebrales).<\/li>\n<li>Imagenolog\u00eda (Rayos X, Ultrasonido, Tomograf\u00eda, resonancia magn\u00e9tica).<\/li>\n<\/ul>\n<p><\/div><\/div><\/div><div class=\"my-3 realizar-check position-relative\"><div class=\"img-check\" style=\"background-image:url(https:\/\/sanjose.testapps.mx\/hermosillo\/wp-content\/uploads\/sites\/7\/2023\/09\/CAMAS-INDEPENDIENTES.jpg);\"><\/div><div class=\"rec-check\" ><p class=\"text-start  mb-0 h6\">Camas Independientes<\/p><div class=\"descripcion-check my-3\">Camas en cub\u00edculos independientes equipados con equipamiento moderno de la m\u00e1s alta tecnolog\u00eda.<\/div><\/div><\/div>[\/vc_column_inner][\/vc_row_inner][\/vc_column][vc_column width=&#8221;3\/12&#8243;][\/vc_column][\/vc_row][\/vc_section][vc_section css=&#8221;.vc_custom_1682441400053{background-color: #f7f7f7 !important;}&#8221; el_class=&#8221;container-fluid mx-auto mt-5&#8243;][vc_row el_class=&#8221;container mx-auto&#8221;][vc_column width=&#8221;9\/12&#8243;]\n            <div class=\"contenedor-titulo-destacado mb-3 h3 \">\n                <h2 id=\"principales-padecimientos-tratados\" class=\" text-start contenido\">\n                    Principales padecimientos tratados\n                <\/h2>\n            <\/div>\n        [vc_row_inner][vc_column_inner width=&#8221;1\/2&#8243;][vc_column_text]Es una Terapia Intensiva polivalente donde se atienden pacientes cr\u00edticos:<\/p>\n<ul>\n<li>Enfermedades respiratorias como neumon\u00edas.<\/li>\n<li>Postquir\u00fargicos de cirug\u00eda card\u00edaca.<\/li>\n<\/ul>\n<p>[\/vc_column_text][\/vc_column_inner][vc_column_inner width=&#8221;1\/2&#8243;][vc_column_text]<\/p>\n<ul>\n<li>Enfermedades neurol\u00f3gicas.<\/li>\n<li>Traumatismos y heridas graves.<\/li>\n<li>Infecciones graves.<\/li>\n<li>Estados de choque de diferente causa.<\/li>\n<\/ul>\n<p>[\/vc_column_text][\/vc_column_inner][\/vc_row_inner][\/vc_column][vc_column width=&#8221;3\/12&#8243;][\/vc_column][\/vc_row][\/vc_section][vc_section el_class=&#8221;container-fluid mx-auto mt-5&#8243;][vc_row el_class=&#8221;container mx-auto&#8221;][vc_column width=&#8221;9\/12&#8243;]\n            <div class=\"contenedor-titulo-destacado mb-3 h3 \">\n                <h2 id=\"certificaciones\" class=\" text-start contenido\">\n                    Certificaciones\n                <\/h2>\n            <\/div>\n        [vc_row_inner][vc_column_inner width=&#8221;1\/3&#8243;][vc_single_image image=&#8221;795&#8243; img_size=&#8221;full&#8221; alignment=&#8221;center&#8221;][vc_column_text]<\/p>\n<p style=\"text-align: center;\">Certificados por El Consejo mexicano de Medicina Critica<\/p>\n<p>[\/vc_column_text][\/vc_column_inner][vc_column_inner width=&#8221;1\/3&#8243;][vc_single_image image=&#8221;812&#8243; img_size=&#8221;full&#8221; alignment=&#8221;center&#8221;][vc_column_text]<\/p>\n<p style=\"text-align: center;\">Miembros del Colegio Mexicano de Medicina Critica y Cuidados Intensivos<\/p>\n<p>[\/vc_column_text][\/vc_column_inner][vc_column_inner width=&#8221;1\/3&#8243;][vc_single_image image=&#8221;796&#8243; img_size=&#8221;full&#8221; alignment=&#8221;center&#8221;][vc_column_text]<\/p>\n<p style=\"text-align: center;\">Miembros de la Society of Critical Care Medicine<\/p>\n<p>[\/vc_column_text][\/vc_column_inner][\/vc_row_inner][vc_empty_space height=&#8221;0px&#8221; el_class=&#8221;intro footer&#8221;][\/vc_column][vc_column width=&#8221;3\/12&#8243;][\/vc_column][\/vc_row][\/vc_section]<\/p>\n","protected":false},"excerpt":{"rendered":"<p>[vc_section el_class=&#8221;container-fluid mx-auto&#8221;][vc_row el_class=&#8221;container mx-auto&#8221;][vc_column width=&#8221;9\/12&#8243;][\/vc_column][vc_column width=&#8221;3\/12&#8243;][\/vc_column][\/vc_row][\/vc_section][vc_section el_class=&#8221;container-fluid mx-auto mt-5&#8243;][vc_row el_class=&#8221;container mx-auto&#8221;][vc_column width=&#8221;9\/12&#8243;][vc_row_inner][vc_column_inner width=&#8221;1\/2&#8243;][\/vc_column_inner][vc_column_inner width=&#8221;1\/2&#8243;][\/vc_column_inner][\/vc_row_inner][\/vc_column][vc_column width=&#8221;3\/12&#8243;][\/vc_column][\/vc_row][\/vc_section][vc_section css=&#8221;.vc_custom_1682441400053{background-color: #f7f7f7 !important;}&#8221; el_class=&#8221;container-fluid mx-auto mt-5&#8243;][vc_row el_class=&#8221;container mx-auto&#8221;][vc_column width=&#8221;9\/12&#8243;][vc_row_inner][vc_column_inner width=&#8221;1\/2&#8243;][vc_column_text]Es una Terapia Intensiva polivalente donde se atienden pacientes cr\u00edticos: Enfermedades respiratorias como neumon\u00edas. Postquir\u00fargicos de cirug\u00eda card\u00edaca. [\/vc_column_text][\/vc_column_inner][vc_column_inner width=&#8221;1\/2&#8243;][vc_column_text] Enfermedades neurol\u00f3gicas. Traumatismos y heridas graves. Infecciones graves. Estados de [&#8230;]<\/p>\n<p><a class=\"btn btn-secondary understrap-read-more-link\" href=\"https:\/\/sanjose.testapps.mx\/hermosillo\/unidad-de-cuidados-intensivos\/\">Read More&#8230;<span class=\"screen-reader-text\"> from Unidad de Cuidados Intensivos<\/span><\/a><\/p>\n","protected":false},"author":4,"featured_media":1584,"parent":0,"menu_order":0,"comment_status":"closed","ping_status":"closed","template":"templates\/plantilla-general.php","meta":{"_acf_changed":false,"footnotes":""},"class_list":["post-828","page","type-page","status-publish","has-post-thumbnail","hentry"],"acf":[],"yoast_head":"<!-- This site is optimized with the Yoast SEO plugin v26.9 - https:\/\/yoast.com\/product\/yoast-seo-wordpress\/ -->\n<title>Unidad de Cuidados Intensivos - Hospital San Jos\u00e9 Hermosillo<\/title>\n<meta name=\"robots\" content=\"index, follow, max-snippet:-1, max-image-preview:large, max-video-preview:-1\" \/>\n<link rel=\"canonical\" href=\"https:\/\/sanjose.testapps.mx\/hermosillo\/unidad-de-cuidados-intensivos\/\" \/>\n<meta property=\"og:locale\" content=\"es_MX\" \/>\n<meta property=\"og:type\" content=\"article\" \/>\n<meta property=\"og:title\" content=\"Unidad de Cuidados Intensivos - Hospital San Jos\u00e9 Hermosillo\" \/>\n<meta property=\"og:description\" content=\"[vc_section el_class=&#8221;container-fluid mx-auto&#8221;][vc_row el_class=&#8221;container mx-auto&#8221;][vc_column width=&#8221;9\/12&#8243;][\/vc_column][vc_column width=&#8221;3\/12&#8243;][\/vc_column][\/vc_row][\/vc_section][vc_section el_class=&#8221;container-fluid mx-auto mt-5&#8243;][vc_row el_class=&#8221;container mx-auto&#8221;][vc_column width=&#8221;9\/12&#8243;][vc_row_inner][vc_column_inner width=&#8221;1\/2&#8243;][\/vc_column_inner][vc_column_inner width=&#8221;1\/2&#8243;][\/vc_column_inner][\/vc_row_inner][\/vc_column][vc_column width=&#8221;3\/12&#8243;][\/vc_column][\/vc_row][\/vc_section][vc_section css=&#8221;.vc_custom_1682441400053{background-color: #f7f7f7 !important;}&#8221; el_class=&#8221;container-fluid mx-auto mt-5&#8243;][vc_row el_class=&#8221;container mx-auto&#8221;][vc_column width=&#8221;9\/12&#8243;][vc_row_inner][vc_column_inner width=&#8221;1\/2&#8243;][vc_column_text]Es una Terapia Intensiva polivalente donde se atienden pacientes cr\u00edticos: Enfermedades respiratorias como neumon\u00edas. Postquir\u00fargicos de cirug\u00eda card\u00edaca. [\/vc_column_text][\/vc_column_inner][vc_column_inner width=&#8221;1\/2&#8243;][vc_column_text] Enfermedades neurol\u00f3gicas. Traumatismos y heridas graves. Infecciones graves. Estados de [...]Read More... from Unidad de Cuidados Intensivos\" \/>\n<meta property=\"og:url\" content=\"https:\/\/sanjose.testapps.mx\/hermosillo\/unidad-de-cuidados-intensivos\/\" \/>\n<meta property=\"og:site_name\" content=\"Hospital San Jos\u00e9 Hermosillo\" \/>\n<meta property=\"article:modified_time\" content=\"2023-09-19T22:41:29+00:00\" \/>\n<meta property=\"og:image\" content=\"https:\/\/sanjose.testapps.mx\/hermosillo\/wp-content\/uploads\/sites\/7\/2023\/08\/cuidados-intensivos-adultos.jpg\" \/>\n\t<meta property=\"og:image:width\" content=\"1000\" \/>\n\t<meta property=\"og:image:height\" content=\"700\" \/>\n\t<meta property=\"og:image:type\" content=\"image\/jpeg\" \/>\n<meta name=\"twitter:card\" content=\"summary_large_image\" \/>\n<meta name=\"twitter:label1\" content=\"Est. reading time\" \/>\n\t<meta name=\"twitter:data1\" content=\"2 minutos\" \/>\n<script type=\"application\/ld+json\" class=\"yoast-schema-graph\">{\"@context\":\"https:\/\/schema.org\",\"@graph\":[{\"@type\":\"WebPage\",\"@id\":\"https:\/\/sanjose.testapps.mx\/hermosillo\/unidad-de-cuidados-intensivos\/\",\"url\":\"https:\/\/sanjose.testapps.mx\/hermosillo\/unidad-de-cuidados-intensivos\/\",\"name\":\"Unidad de Cuidados Intensivos - Hospital San Jos\u00e9 Hermosillo\",\"isPartOf\":{\"@id\":\"https:\/\/sanjose.testapps.mx\/hermosillo\/#website\"},\"primaryImageOfPage\":{\"@id\":\"https:\/\/sanjose.testapps.mx\/hermosillo\/unidad-de-cuidados-intensivos\/#primaryimage\"},\"image\":{\"@id\":\"https:\/\/sanjose.testapps.mx\/hermosillo\/unidad-de-cuidados-intensivos\/#primaryimage\"},\"thumbnailUrl\":\"https:\/\/sanjose.testapps.mx\/hermosillo\/wp-content\/uploads\/sites\/7\/2023\/08\/cuidados-intensivos-adultos.jpg\",\"datePublished\":\"2023-04-26T18:53:46+00:00\",\"dateModified\":\"2023-09-19T22:41:29+00:00\",\"breadcrumb\":{\"@id\":\"https:\/\/sanjose.testapps.mx\/hermosillo\/unidad-de-cuidados-intensivos\/#breadcrumb\"},\"inLanguage\":\"es\",\"potentialAction\":[{\"@type\":\"ReadAction\",\"target\":[\"https:\/\/sanjose.testapps.mx\/hermosillo\/unidad-de-cuidados-intensivos\/\"]}]},{\"@type\":\"ImageObject\",\"inLanguage\":\"es\",\"@id\":\"https:\/\/sanjose.testapps.mx\/hermosillo\/unidad-de-cuidados-intensivos\/#primaryimage\",\"url\":\"https:\/\/sanjose.testapps.mx\/hermosillo\/wp-content\/uploads\/sites\/7\/2023\/08\/cuidados-intensivos-adultos.jpg\",\"contentUrl\":\"https:\/\/sanjose.testapps.mx\/hermosillo\/wp-content\/uploads\/sites\/7\/2023\/08\/cuidados-intensivos-adultos.jpg\",\"width\":1000,\"height\":700},{\"@type\":\"BreadcrumbList\",\"@id\":\"https:\/\/sanjose.testapps.mx\/hermosillo\/unidad-de-cuidados-intensivos\/#breadcrumb\",\"itemListElement\":[{\"@type\":\"ListItem\",\"position\":1,\"name\":\"Home\",\"item\":\"https:\/\/sanjose.testapps.mx\/hermosillo\/\"},{\"@type\":\"ListItem\",\"position\":2,\"name\":\"Unidad de Cuidados Intensivos\"}]},{\"@type\":\"WebSite\",\"@id\":\"https:\/\/sanjose.testapps.mx\/hermosillo\/#website\",\"url\":\"https:\/\/sanjose.testapps.mx\/hermosillo\/\",\"name\":\"Hospital San Jos\u00e9 Hermosillo\",\"description\":\"\",\"publisher\":{\"@id\":\"https:\/\/sanjose.testapps.mx\/hermosillo\/#organization\"},\"potentialAction\":[{\"@type\":\"SearchAction\",\"target\":{\"@type\":\"EntryPoint\",\"urlTemplate\":\"https:\/\/sanjose.testapps.mx\/hermosillo\/?s={search_term_string}\"},\"query-input\":{\"@type\":\"PropertyValueSpecification\",\"valueRequired\":true,\"valueName\":\"search_term_string\"}}],\"inLanguage\":\"es\"},{\"@type\":\"Organization\",\"@id\":\"https:\/\/sanjose.testapps.mx\/hermosillo\/#organization\",\"name\":\"Hospital San Jos\u00e9 Hermosillo\",\"url\":\"https:\/\/sanjose.testapps.mx\/hermosillo\/\",\"logo\":{\"@type\":\"ImageObject\",\"inLanguage\":\"es\",\"@id\":\"https:\/\/sanjose.testapps.mx\/hermosillo\/#\/schema\/logo\/image\/\",\"url\":\"https:\/\/sanjose.testapps.mx\/hermosillo\/wp-content\/uploads\/sites\/7\/2023\/05\/logo-san-jose-small.svg\",\"contentUrl\":\"https:\/\/sanjose.testapps.mx\/hermosillo\/wp-content\/uploads\/sites\/7\/2023\/05\/logo-san-jose-small.svg\",\"width\":58,\"height\":76,\"caption\":\"Hospital San Jos\u00e9 Hermosillo\"},\"image\":{\"@id\":\"https:\/\/sanjose.testapps.mx\/hermosillo\/#\/schema\/logo\/image\/\"}}]}<\/script>\n<!-- \/ Yoast SEO plugin. -->","yoast_head_json":{"title":"Unidad de Cuidados Intensivos - Hospital San Jos\u00e9 Hermosillo","robots":{"index":"index","follow":"follow","max-snippet":"max-snippet:-1","max-image-preview":"max-image-preview:large","max-video-preview":"max-video-preview:-1"},"canonical":"https:\/\/sanjose.testapps.mx\/hermosillo\/unidad-de-cuidados-intensivos\/","og_locale":"es_MX","og_type":"article","og_title":"Unidad de Cuidados Intensivos - Hospital San Jos\u00e9 Hermosillo","og_description":"[vc_section el_class=&#8221;container-fluid mx-auto&#8221;][vc_row el_class=&#8221;container mx-auto&#8221;][vc_column width=&#8221;9\/12&#8243;][\/vc_column][vc_column width=&#8221;3\/12&#8243;][\/vc_column][\/vc_row][\/vc_section][vc_section el_class=&#8221;container-fluid mx-auto mt-5&#8243;][vc_row el_class=&#8221;container mx-auto&#8221;][vc_column width=&#8221;9\/12&#8243;][vc_row_inner][vc_column_inner width=&#8221;1\/2&#8243;][\/vc_column_inner][vc_column_inner width=&#8221;1\/2&#8243;][\/vc_column_inner][\/vc_row_inner][\/vc_column][vc_column width=&#8221;3\/12&#8243;][\/vc_column][\/vc_row][\/vc_section][vc_section css=&#8221;.vc_custom_1682441400053{background-color: #f7f7f7 !important;}&#8221; el_class=&#8221;container-fluid mx-auto mt-5&#8243;][vc_row el_class=&#8221;container mx-auto&#8221;][vc_column width=&#8221;9\/12&#8243;][vc_row_inner][vc_column_inner width=&#8221;1\/2&#8243;][vc_column_text]Es una Terapia Intensiva polivalente donde se atienden pacientes cr\u00edticos: Enfermedades respiratorias como neumon\u00edas. Postquir\u00fargicos de cirug\u00eda card\u00edaca. [\/vc_column_text][\/vc_column_inner][vc_column_inner width=&#8221;1\/2&#8243;][vc_column_text] Enfermedades neurol\u00f3gicas. Traumatismos y heridas graves. Infecciones graves. Estados de [...]Read More... from Unidad de Cuidados Intensivos","og_url":"https:\/\/sanjose.testapps.mx\/hermosillo\/unidad-de-cuidados-intensivos\/","og_site_name":"Hospital San Jos\u00e9 Hermosillo","article_modified_time":"2023-09-19T22:41:29+00:00","og_image":[{"width":1000,"height":700,"url":"https:\/\/sanjose.testapps.mx\/hermosillo\/wp-content\/uploads\/sites\/7\/2023\/08\/cuidados-intensivos-adultos.jpg","type":"image\/jpeg"}],"twitter_card":"summary_large_image","twitter_misc":{"Est. reading time":"2 minutos"},"schema":{"@context":"https:\/\/schema.org","@graph":[{"@type":"WebPage","@id":"https:\/\/sanjose.testapps.mx\/hermosillo\/unidad-de-cuidados-intensivos\/","url":"https:\/\/sanjose.testapps.mx\/hermosillo\/unidad-de-cuidados-intensivos\/","name":"Unidad de Cuidados Intensivos - Hospital San Jos\u00e9 Hermosillo","isPartOf":{"@id":"https:\/\/sanjose.testapps.mx\/hermosillo\/#website"},"primaryImageOfPage":{"@id":"https:\/\/sanjose.testapps.mx\/hermosillo\/unidad-de-cuidados-intensivos\/#primaryimage"},"image":{"@id":"https:\/\/sanjose.testapps.mx\/hermosillo\/unidad-de-cuidados-intensivos\/#primaryimage"},"thumbnailUrl":"https:\/\/sanjose.testapps.mx\/hermosillo\/wp-content\/uploads\/sites\/7\/2023\/08\/cuidados-intensivos-adultos.jpg","datePublished":"2023-04-26T18:53:46+00:00","dateModified":"2023-09-19T22:41:29+00:00","breadcrumb":{"@id":"https:\/\/sanjose.testapps.mx\/hermosillo\/unidad-de-cuidados-intensivos\/#breadcrumb"},"inLanguage":"es","potentialAction":[{"@type":"ReadAction","target":["https:\/\/sanjose.testapps.mx\/hermosillo\/unidad-de-cuidados-intensivos\/"]}]},{"@type":"ImageObject","inLanguage":"es","@id":"https:\/\/sanjose.testapps.mx\/hermosillo\/unidad-de-cuidados-intensivos\/#primaryimage","url":"https:\/\/sanjose.testapps.mx\/hermosillo\/wp-content\/uploads\/sites\/7\/2023\/08\/cuidados-intensivos-adultos.jpg","contentUrl":"https:\/\/sanjose.testapps.mx\/hermosillo\/wp-content\/uploads\/sites\/7\/2023\/08\/cuidados-intensivos-adultos.jpg","width":1000,"height":700},{"@type":"BreadcrumbList","@id":"https:\/\/sanjose.testapps.mx\/hermosillo\/unidad-de-cuidados-intensivos\/#breadcrumb","itemListElement":[{"@type":"ListItem","position":1,"name":"Home","item":"https:\/\/sanjose.testapps.mx\/hermosillo\/"},{"@type":"ListItem","position":2,"name":"Unidad de Cuidados Intensivos"}]},{"@type":"WebSite","@id":"https:\/\/sanjose.testapps.mx\/hermosillo\/#website","url":"https:\/\/sanjose.testapps.mx\/hermosillo\/","name":"Hospital San Jos\u00e9 Hermosillo","description":"","publisher":{"@id":"https:\/\/sanjose.testapps.mx\/hermosillo\/#organization"},"potentialAction":[{"@type":"SearchAction","target":{"@type":"EntryPoint","urlTemplate":"https:\/\/sanjose.testapps.mx\/hermosillo\/?s={search_term_string}"},"query-input":{"@type":"PropertyValueSpecification","valueRequired":true,"valueName":"search_term_string"}}],"inLanguage":"es"},{"@type":"Organization","@id":"https:\/\/sanjose.testapps.mx\/hermosillo\/#organization","name":"Hospital San Jos\u00e9 Hermosillo","url":"https:\/\/sanjose.testapps.mx\/hermosillo\/","logo":{"@type":"ImageObject","inLanguage":"es","@id":"https:\/\/sanjose.testapps.mx\/hermosillo\/#\/schema\/logo\/image\/","url":"https:\/\/sanjose.testapps.mx\/hermosillo\/wp-content\/uploads\/sites\/7\/2023\/05\/logo-san-jose-small.svg","contentUrl":"https:\/\/sanjose.testapps.mx\/hermosillo\/wp-content\/uploads\/sites\/7\/2023\/05\/logo-san-jose-small.svg","width":58,"height":76,"caption":"Hospital San Jos\u00e9 Hermosillo"},"image":{"@id":"https:\/\/sanjose.testapps.mx\/hermosillo\/#\/schema\/logo\/image\/"}}]}},"_links":{"self":[{"href":"https:\/\/sanjose.testapps.mx\/hermosillo\/wp-json\/wp\/v2\/pages\/828","targetHints":{"allow":["GET"]}}],"collection":[{"href":"https:\/\/sanjose.testapps.mx\/hermosillo\/wp-json\/wp\/v2\/pages"}],"about":[{"href":"https:\/\/sanjose.testapps.mx\/hermosillo\/wp-json\/wp\/v2\/types\/page"}],"author":[{"embeddable":true,"href":"https:\/\/sanjose.testapps.mx\/hermosillo\/wp-json\/wp\/v2\/users\/4"}],"replies":[{"embeddable":true,"href":"https:\/\/sanjose.testapps.mx\/hermosillo\/wp-json\/wp\/v2\/comments?post=828"}],"version-history":[{"count":10,"href":"https:\/\/sanjose.testapps.mx\/hermosillo\/wp-json\/wp\/v2\/pages\/828\/revisions"}],"predecessor-version":[{"id":1917,"href":"https:\/\/sanjose.testapps.mx\/hermosillo\/wp-json\/wp\/v2\/pages\/828\/revisions\/1917"}],"wp:featuredmedia":[{"embeddable":true,"href":"https:\/\/sanjose.testapps.mx\/hermosillo\/wp-json\/wp\/v2\/media\/1584"}],"wp:attachment":[{"href":"https:\/\/sanjose.testapps.mx\/hermosillo\/wp-json\/wp\/v2\/media?parent=828"}],"curies":[{"name":"wp","href":"https:\/\/api.w.org\/{rel}","templated":true}]}}